21 (base 7) in base 8?
546
185 (base 12) to base 2
11110101
Convert 788 (base 15) to base 16.
6a7
Convert 121021 (base 4) to base 10.
1609
138 (base 16) to base 9
376
Convert 112212 (base 3) to base 5.
3101
Convert -2c8c (base 14) to base 8.
-17434
Convert -243211 (base 5) to base 3.
-110121001
Convert -1241 (base 8) to base 6.
-3041
Convert -11222 (base 7) to base 11.
-2169
-829b (base 14) to base 3
-1010211122
-16a85 (base 12) to base 6
-411045
Convert -2620 (base 12) to base 15.
-1449
What is -1244 (base 5) in base 9?
-241
27737 (base 9) to base 10
18826
54506 (base 7) to base 14
4d76
91 (base 15) to base 16
88
2028 (base 12) to base 3
11210012
What is 2283 (base 11) in base 16?
bb3
Convert -b42 (base 13) to base 5.
-30123
6086 (base 9) to base 8
10544
-4687 (base 9) to base 13
-177a
What is 878 (base 12) in base 11?
a31
1336 (base 8) to base 10
734
What is 486 (base 11) in base 10?
578
What is -a15a (base 12) in base 14?
-6538
3989 (base 16) to base 7
60641
Convert 4098 (base 12) to base 3.
100122022
-1767 (base 10) to base 7
-5103
Convert -9754 (base 11) to base 14.
-49a5
Convert 2e64 (base 16) to base 5.
340001
What is 1764 (base 14) in base 10?
4204
-23325 (base 7) to base 5
-142442
3ab0 (base 15) to base 7
51363
Convert -1211234 (base 5) to base 10.
-22694
What is -1320 (base 7) in base 2?
-111111000
Convert 32004 (base 5) to base 11.
1666
324334 (base 5) to base 2
10101111010011
Convert 11000010110001 (base 2) to base 7.
51225
-1456 (base 12) to base 3
-10020210
What is 1cd (base 16) in base 3?
122002
Convert -103000 (base 6) to base 15.
-2769
110212010 (base 3) to base 6
111220
-5da (base 15) to base 14
-6b0
Convert -581 (base 10) to base 14.
-2d7
What is -61c3 (base 14) in base 15?
-4ec1
Convert -41222 (base 9) to base 4.
-12220103
Convert 212333 (base 4) to base 3.
10102102
What is 137044 (base 9) in base 5?
10141000
What is -17d (base 14) in base 9?
-371
Convert 1010 (base 9) to base 4.
23202
Convert -7573 (base 9) to base 15.
-19b9
Convert 571 (base 14) to base 8.
2067
-9e0 (base 15) to base 8
-4273
What is 443 (base 10) in base 7?
1202
Convert 12a26 (base 11) to base 12.
a891
Convert 6431 (base 9) to base 4.
1021312
35332 (base 6) to base 15
179b
-88745 (base 9) to base 10
-58928
What is 318 (base 9) in base 2?
100000100
-444301 (base 5) to base 2
-11110011011000
Convert -274 (base 13) to base 11.
-364
Convert db5 (base 15) to base 3.
11020122
-3769 (base 10) to base 13
-193c
What is -1101121201 (base 3) in base 5?
-1334144
What is -13416 (base 8) in base 5?
-142102
39a3 (base 14) to base 9
14815
What is -1030342 (base 5) in base 10?
-17597
What is 1477 (base 14) in base 3?
11222120
What is 120431 (base 5) in base 6?
32443
340 (base 8) to base 5
1344
What is 370 (base 8) in base 15?
118
What is 221 (base 13) in base 7?
1031
What is 111110 (base 3) in base 9?
443
Convert -1014 (base 9) to base 8.
-1346
Convert -118 (base 9) to base 8.
-142
What is 26879 (base 10) in base 6?
324235
Convert 1332 (base 4) to base 11.
105
What is -4175 (base 12) in base 16?
-1be9
Convert 251 (base 16) to base 4.
21101
What is 73130 (base 9) in base 4?
23301132
What is 43220 (base 6) in base 8?
13434
706 (base 9) to base 14
2cd
What is -2002 (base 6) in base 9?
-532
What is 102230 (base 4) in base 15?
54b
Convert 11622 (base 8) to base 2.
1001110010010
What is -1023 (base 9) in base 13?
-459
What is -7334 (base 16) in base 9?
-44408
Convert -31670 (base 8) to base 16.
-33b8
-46c8 (base 15) to base 7
-61562
What is 1156 (base 7) in base 11?
364
What is 1022022012 (base 3) in base 14?
9544
Convert -56 (base 16) to base 6.
-222
1010100011010010 (base 2) to base 13
16896
Convert -617 (base 10) to base 9.
-755
What is 5987 (base 12) in base 14?
3931
What is 1330 (base 15) in base 8?
7777
Convert -262 (base 10) to base 7.
-523
1130213 (base 4) to base 13
290c
What is -1a (base 11) in base 12?
-19
2976 (base 13) to base 11
4576
-11111011 (base 2) to base 7
-506
Convert -30110 (base 4) to base 8.
-1424
Convert 8a51 (base 11) to base 15.
37e4
What is -40024 (base 5) in base 7?
-10221
-3335 (base 8) to base 3
-2102002
Convert 2145 (base 6) to base 3.
200102
-12311 (base 9) to base 12
-4954
What is -80353 (base 9) in base 5?
-3142104
1340 (base 5) to base 7
433
What is -101112200 (base 3) in base 9?
-11480
Convert -22321 (base 4) to base 12.
-4a1
-1413200 (base 5) to base 9
-44016
What is -7333 (base 9) in base 16?
-1500
Convert 296 (base 12) to base 16.
192
What is -24234 (base 5) in base 14?
-93d
Convert 1000001001011011 (base 2) to base 14.
c239
Convert 203030 (base 4) to base 11.
1768
What is -b00 (base 15) in base 16?
-9ab
-6 (base 12) to base 10
-6
What is 2440 (base 5) in base 7?
1036
22a2 (base 15) to base 2
1110010111000
What is 263 (base 13) in base 8?
643
-399 (base 11) to base 8
-727
21022 (base 3) to base 6
525
What is -3e6c (base 15) in base 8?
-32101
What is -4201 (base 11) in base 15?
-19b2
1321 (base 5) to base 13
133
-155645 (base 7) to base 14
-b35c
-83b (base 14) to base 12
-b31
Convert -12120 (base 10) to base 7.
-50223
120202 (base 3) to base 11
357
Convert -153a (base 11) to base 3.
-2201022
387b (base 15) to base 9
17458
What is -1bc (base 13) in base 2?
-101000100
Convert -68c0 (base 13) to base 16.
-3962
Convert 4e4 (base 16) to base 8.
2344
What is -73b (base 12) in base 6?
-4515
Convert -1153 (base 6) to base 9.
-346
1333441 (base 5) to base 4
12223223
Convert -615 (base 11) to base 2.
-1011100110
What is cc8 (base 16) in base 15?
e82
657 (base 12) to base 15
421
What is -100000 (base 5) in base 6?
-22245
What is -21171 (base 8) in base 5?
-240300
e8 (base 15) to base 7
431
Convert -10001011001000110 (base 2) to base 9.
-117643
220554 (base 6) to base 16
47b6
16b (base 15) to base 3
110002
What is -380 (base 13) in base 11?
-506
-46511 (base 7) to base 14
-44b1
Convert -212210200 (base 3) to base 12.
-a060
What is -140dd (base 14) in base 8?
-140663
22355 (base 6) to base 8
6137
Convert -31035 (base 6) to base 2.
-1000000011111
1210 (base 9) to base 8
1604
What is 34341 (base 6) in base 12?
29b1
What is -1324 (base 11) in base 6?
-11544
-121 (base 9) to base 7
-202
What is -12233 (base 7) in base 5?
-100314
What is -2125 (base 7) in base 12?
-52a
What is -47 (base 14) in base 12?
-53
1530 (base 10) to base 11
1171
13b (base 16) to base 7
630
-485c (base 13) to base 3
-112000102
Convert 22606 (base 11) to base 16.
7fa4
Convert -151 (base 14) to base 5.
-2032
-2371 (base 12) to base 7
-14404
2b0 (base 13) to base 9
584
-100031 (base 5) to base 11
-23a6
Convert 2603 (base 7) to base 16.
3d7
-110a (base 11) to base 2
-10110110110
43e (base 16) to base 15
4c6
Convert 4321 (base 6) to base 4.
33121
-20331 (base 4) to base 14
-2cd
Convert -a23 (base 14) to base 13.
-ba2
-20020302 (base 4) to base 11
-23050
-1540 (base 6) to base 8
-644
Convert 221 (base 9) to base 15.
c1
-2293 (base 10) to base 6
-14341
What is 166321 (base 7) in base 12?
17421
What is 40289 (base 10) in base 12?
1b395
Convert 120211 (base 3) to base 4.
12223
46444 (base 9) to base 14
b410
What is -11df (base 16) in base 9?
-6243
What is 222102 (base 3) in base 7?
2036
-15475 (base 11) to base 13
-9c49
Convert 5a17 (base 14) to base 4.
3311111
What is 2000131 (base 4) in base 11?
61a4
What is 71145 (base 8) in base 2?
111001001100101
What is 18a (base 12) in base 14?
13c
112002110 (base 3) to base 14
3a5a
What is -1200210111 (base 3) in base 5?
-2032020
10010011101110 (base 2) to base 4
2103232
What is -3020 (base 5) in base 4?
-12001
Convert 12355 (base 13) to base 14.
c312
What is -36695 (base 10) in base 16?
-8f57
Convert 1132 (base 7) to base 8.
637
What is 14012 (base 5) in base 10?
1132
What is -310201 (base 4) in base 3?
-11121111
Convert 201012 (base 3) to base 7.
1340
Convert -4043 (base 10) to base 6.
-30415
-221210 (base 3) to base 5
-10241
Convert -58 (base 13) to base 2.
-1001001
Convert 12032 (base 4) to base 10.
398
What is 10010110011001 (base 2) in base 8?
22631
What is -389 (base 12) in base 3?
-201220
Convert 51506 (base 7) to base 4.
3010313
Convert -1111011000 (base 2) to base 8.
-1730
Convert -133421 (base 5) to base 9.
-7465
What is -23b6 (base 12) in base 15?
-12d6
55aa (base 11) to base 9
11110
Convert 328 (base 10) to base 2.
101001000
What is 